{"id":51199,"date":"2025-01-31T12:36:33","date_gmt":"2025-01-31T11:36:33","guid":{"rendered":"https:\/\/campusvygon.com\/global\/mentions-legales\/"},"modified":"2025-03-28T19:28:59","modified_gmt":"2025-03-28T18:28:59","slug":"mentions-legales","status":"publish","type":"page","link":"https:\/\/campusvygon.com\/global\/mentions-legales\/?lang=fr","title":{"rendered":"Mentions l\u00e9gales"},"content":{"rendered":"<p>[et_pb_section fb_built=&#8221;1&#8243; _builder_version=&#8221;4.24.2&#8243; _module_preset=&#8221;default&#8221; custom_padding=&#8221;122px||4px||false|&#8221; global_colors_info=&#8221;{}&#8221;][et_pb_row _builder_version=&#8221;4.25.0&#8243; _module_preset=&#8221;default&#8221; width=&#8221;90%&#8221; max_width=&#8221;1500px&#8221; custom_padding=&#8221;0px||0px||true|false&#8221; border_width_left=&#8221;7px&#8221; border_color_left=&#8221;gcid-2bd31fdf-6b39-4af6-9bfa-e1ff7e1fe420&#8243; global_colors_info=&#8221;{%22gcid-2bd31fdf-6b39-4af6-9bfa-e1ff7e1fe420%22:%91%22border_color_left%22%93}&#8221;][et_pb_column type=&#8221;4_4&#8243; _builder_version=&#8221;4.25.0&#8243; _module_preset=&#8221;default&#8221; custom_padding=&#8221;0px||0px||true|false&#8221; global_colors_info=&#8221;{}&#8221;][et_pb_text _builder_version=&#8221;4.27.4&#8243; _module_preset=&#8221;default&#8221; header_font=&#8221;|&#8211;et_global_heading_font_weight|||||||&#8221; header_font_size=&#8221;60px&#8221; header_line_height=&#8221;1.4em&#8221; custom_margin=&#8221;-35px||-37px||false|false&#8221; custom_padding=&#8221;0px|||25px|false|false&#8221; border_color_left=&#8221;gcid-0bb4aa88-854d-46ad-8783-5c2933726464&#8243; global_colors_info=&#8221;{%22gcid-0bb4aa88-854d-46ad-8783-5c2933726464%22:%91%22border_color_left%22%93}&#8221;]<\/p>\n<h1>Mentions l\u00e9gales<\/h1>\n<p>[\/et_pb_text][\/et_pb_column][\/et_pb_row][et_pb_row _builder_version=&#8221;4.25.0&#8243; _module_preset=&#8221;default&#8221; width=&#8221;90%&#8221; max_width=&#8221;1500px&#8221; global_colors_info=&#8221;{}&#8221;][et_pb_column type=&#8221;4_4&#8243; _builder_version=&#8221;4.24.2&#8243; _module_preset=&#8221;default&#8221; global_colors_info=&#8221;{}&#8221;][et_pb_text _builder_version=&#8221;4.27.4&#8243; _module_preset=&#8221;default&#8221; custom_margin=&#8221;47px|||||&#8221; global_colors_info=&#8221;{}&#8221;]<\/p>\n<p>Ce site est la propri\u00e9t\u00e9 de Vygon SAS,<span> <\/span><span>, soci\u00e9t\u00e9 au capital de <\/span><span class=\"ui-provider a b c d e f g h i j k l m n o p q r s t u v w x y z ab ac ae af ag ah ai aj ak\" dir=\"ltr\">19 463 088 \u20ac<\/span><span>, immatricul\u00e9e au Registre du Commerce et des Soci\u00e9t\u00e9s de Pontoise sous le num\u00e9ro <\/span>B 325 241 750<span>, dont le si\u00e8ge social est situ\u00e9 8 rue de Paris, 95440 Ecouen, France.<\/span><\/p>\n<p><span>Vous pouvez nous contacter par t\u00e9l\u00e9phone au + 33 (0)<\/span>1 39 92 63 63<span> ou par courriel \u00e0 <a href=\"mailto:questions@vygon.com\">questions@vygon.com.<\/a><\/span><\/p>\n<p><span>Notre directeur de publication est Ludovic Richard-Vitton.<\/span><\/p>\n<p>&nbsp;<\/p>\n<div><\/div>\n<p>[\/et_pb_text][\/et_pb_column][\/et_pb_row][\/et_pb_section]<\/p>\n","protected":false},"excerpt":{"rendered":"<p>Mentions l\u00e9galesCe site est la propri\u00e9t\u00e9 de Vygon SAS, , soci\u00e9t\u00e9 au capital de 19 463 088 \u20ac, immatricul\u00e9e au Registre du Commerce et des Soci\u00e9t\u00e9s de Pontoise sous le num\u00e9ro B 325 241 750, dont le si\u00e8ge social est situ\u00e9 8 rue de Paris, 95440 Ecouen, France. Vous pouvez nous contacter par t\u00e9l\u00e9phone au + 33 (0)1 39 92 63 63 ou par courriel \u00e0 questions@vygon.com. Notre directeur de publication est Ludovic Richard-Vitton. &nbsp;<\/p>\n","protected":false},"author":4,"featured_media":0,"parent":0,"menu_order":0,"comment_status":"closed","ping_status":"closed","template":"","meta":{"_acf_changed":false,"_et_pb_use_builder":"on","_et_pb_old_content":"","_et_gb_content_width":"","footnotes":""},"class_list":["post-51199","page","type-page","status-publish","hentry"],"acf":[],"_links":{"self":[{"href":"https:\/\/campusvygon.com\/global\/wp-json\/wp\/v2\/pages\/51199","targetHints":{"allow":["GET"]}}],"collection":[{"href":"https:\/\/campusvygon.com\/global\/wp-json\/wp\/v2\/pages"}],"about":[{"href":"https:\/\/campusvygon.com\/global\/wp-json\/wp\/v2\/types\/page"}],"author":[{"embeddable":true,"href":"https:\/\/campusvygon.com\/global\/wp-json\/wp\/v2\/users\/4"}],"replies":[{"embeddable":true,"href":"https:\/\/campusvygon.com\/global\/wp-json\/wp\/v2\/comments?post=51199"}],"version-history":[{"count":5,"href":"https:\/\/campusvygon.com\/global\/wp-json\/wp\/v2\/pages\/51199\/revisions"}],"predecessor-version":[{"id":51219,"href":"https:\/\/campusvygon.com\/global\/wp-json\/wp\/v2\/pages\/51199\/revisions\/51219"}],"wp:attachment":[{"href":"https:\/\/campusvygon.com\/global\/wp-json\/wp\/v2\/media?parent=51199"}],"curies":[{"name":"wp","href":"https:\/\/api.w.org\/{rel}","templated":true}]}}