{"id":29,"date":"2023-06-20T08:36:20","date_gmt":"2023-06-20T08:36:20","guid":{"rendered":"https:\/\/campusvygon.com\/vyvadays\/?page_id=29"},"modified":"2025-02-13T21:47:06","modified_gmt":"2025-02-13T21:47:06","slug":"vyvadays","status":"publish","type":"page","link":"https:\/\/campusvygon.com\/vyvadays\/","title":{"rendered":"Vyvadays &#8211; Jornada acreditada de acceso vascular"},"content":{"rendered":"<p>[et_pb_section fb_built=\u00bb1&#8243; disabled_on=\u00bboff|off|off\u00bb admin_label=\u00bbSection\u00bb module_id=\u00bbinicio\u00bb _builder_version=\u00bb4.25.1&#8243; _module_preset=\u00bbdefault\u00bb background_image=\u00bbhttps:\/\/campusvygon.com\/vyvadays\/wp-content\/uploads\/sites\/5\/2024\/05\/vyvadays-23portdad.jpg\u00bb parallax=\u00bbon\u00bb custom_padding=\u00bb150px||218px||false|false\u00bb da_popup_slug=\u00bbinicio\u00bb da_disable_devices=\u00bboff|off|off\u00bb global_colors_info=\u00bb{%22gcid-2d45c7f1-05fc-4f3c-8b35-fe69709a6a62%22:%91%22background_mask_color%22%93}\u00bb da_is_popup=\u00bboff\u00bb da_exit_intent=\u00bboff\u00bb da_has_close=\u00bbon\u00bb da_alt_close=\u00bboff\u00bb da_dark_close=\u00bboff\u00bb da_not_modal=\u00bbon\u00bb da_is_singular=\u00bboff\u00bb da_with_loader=\u00bboff\u00bb da_has_shadow=\u00bbon\u00bb][et_pb_row _builder_version=\u00bb4.25.1&#8243; _module_preset=\u00bbdefault\u00bb width=\u00bb65%\u00bb width_tablet=\u00bb90%\u00bb width_phone=\u00bb90%\u00bb width_last_edited=\u00bbon|phone\u00bb max_width=\u00bb90%\u00bb max_width_tablet=\u00bb90%\u00bb max_width_phone=\u00bb90%\u00bb max_width_last_edited=\u00bbon|tablet\u00bb locked=\u00bboff\u00bb global_colors_info=\u00bb{}\u00bb][et_pb_column type=\u00bb4_4&#8243; _builder_version=\u00bb4.25.0&#8243; _module_preset=\u00bbdefault\u00bb background_color=\u00bbrgba(255,255,255,0.9)\u00bb border_radii=\u00bbon|25px|25px|25px|25px\u00bb border_color_all=\u00bbgcid-5c0ffe69-7172-4b18-84d5-8ca2b15ef07e\u00bb global_colors_info=\u00bb{%22gcid-5c0ffe69-7172-4b18-84d5-8ca2b15ef07e%22:%91%22border_color_all%22%93}\u00bb][et_pb_text _builder_version=\u00bb4.25.1&#8243; _module_preset=\u00bbdefault\u00bb header_font=\u00bbMontserrat||||||||\u00bb header_text_color=\u00bbgcid-5c0ffe69-7172-4b18-84d5-8ca2b15ef07e\u00bb header_2_font=\u00bb&#8211;et_global_heading_font|800|||||||\u00bb header_2_text_align=\u00bbcenter\u00bb header_2_text_color=\u00bbgcid-d6f6cc4c-89fb-4b08-a382-c7d2f5838e03&#8243; header_2_font_size=\u00bb85px\u00bb header_2_letter_spacing=\u00bb6px\u00bb header_2_line_height=\u00bb1.7em\u00bb custom_margin=\u00bb||-44px||false|false\u00bb custom_margin_tablet=\u00bb||-5px||false|false\u00bb custom_margin_phone=\u00bb29px||-5px||false|false\u00bb custom_margin_last_edited=\u00bbon|phone\u00bb custom_padding=\u00bb60px||0px||false|false\u00bb header_2_font_size_tablet=\u00bb70px\u00bb header_2_font_size_phone=\u00bb40px\u00bb header_2_font_size_last_edited=\u00bbon|tablet\u00bb header_2_letter_spacing_tablet=\u00bb5px\u00bb header_2_letter_spacing_phone=\u00bb0px\u00bb header_2_letter_spacing_last_edited=\u00bbon|phone\u00bb header_2_line_height_tablet=\u00bb1.7em\u00bb header_2_line_height_phone=\u00bb1.7em\u00bb header_2_line_height_last_edited=\u00bbon|phone\u00bb global_colors_info=\u00bb{%22gcid-d6f6cc4c-89fb-4b08-a382-c7d2f5838e03%22:%91%22header_2_text_color%22%93,%22gcid-5c0ffe69-7172-4b18-84d5-8ca2b15ef07e%22:%91%22header_text_color%22%93}\u00bb]<\/p>\n<h2><span style=\"color: #004431;\">VYVA<\/span>DAYS<\/h2>\n<p>&nbsp;<\/p>\n<p>[\/et_pb_text][et_pb_text _builder_version=\u00bb4.27.4&#8243; _module_preset=\u00bbdefault\u00bb header_font=\u00bb|||on|||||\u00bb header_text_align=\u00bbcenter\u00bb header_text_color=\u00bbgcid-d6f6cc4c-89fb-4b08-a382-c7d2f5838e03&#8243; header_font_size=\u00bb20px\u00bb header_letter_spacing=\u00bb1px\u00bb custom_padding=\u00bb5px|||||\u00bb custom_padding_tablet=\u00bb\u00bb custom_padding_phone=\u00bb|15px||15px|false|true\u00bb custom_padding_last_edited=\u00bbon|tablet\u00bb header_font_size_tablet=\u00bb20px\u00bb header_font_size_phone=\u00bb14px\u00bb header_font_size_last_edited=\u00bbon|phone\u00bb header_letter_spacing_tablet=\u00bb1px\u00bb header_letter_spacing_phone=\u00bb0px\u00bb header_letter_spacing_last_edited=\u00bbon|phone\u00bb header_line_height_tablet=\u00bb1.4em\u00bb header_line_height_phone=\u00bb1.4em\u00bb header_line_height_last_edited=\u00bbon|phone\u00bb global_colors_info=\u00bb{%22gcid-d6f6cc4c-89fb-4b08-a382-c7d2f5838e03%22:%91%22header_text_color%22%93}\u00bb]<\/p>\n<h1>vygon <span style=\"color: #004133;\">vascular access<\/span> days\u00a0<\/h1>\n<p>[\/et_pb_text][et_pb_button button_text=\u00bbProximamente\u00bb _builder_version=\u00bb4.27.4&#8243; _module_preset=\u00bbdefault\u00bb custom_padding_tablet=\u00bb\u00bb custom_padding_phone=\u00bb10px||10px||true|true\u00bb custom_padding_last_edited=\u00bbon|phone\u00bb button_text_size_tablet=\u00bb\u00bb button_text_size_phone=\u00bb16px\u00bb button_text_size_last_edited=\u00bbon|phone\u00bb global_colors_info=\u00bb{}\u00bb][\/et_pb_button][\/et_pb_column][\/et_pb_row][\/et_pb_section][et_pb_section fb_built=\u00bb1&#8243; custom_padding_last_edited=\u00bbon|tablet\u00bb disabled_on=\u00bboff|off|off\u00bb admin_label=\u00bbSection\u00bb _builder_version=\u00bb4.25.1&#8243; _module_preset=\u00bbdefault\u00bb background_enable_image=\u00bboff\u00bb background_size=\u00bbinitial\u00bb background_position=\u00bbtop_right\u00bb background_horizontal_offset=\u00bb-19%\u00bb background_vertical_offset=\u00bb-100%\u00bb background_blend=\u00bbluminosity\u00bb custom_padding=\u00bb150px||105px||false|\u00bb custom_padding_tablet=\u00bb50px||50px||true|false\u00bb custom_padding_phone=\u00bb50px||50px||true|false\u00bb da_disable_devices=\u00bboff|off|off\u00bb global_colors_info=\u00bb{}\u00bb da_is_popup=\u00bboff\u00bb da_exit_intent=\u00bboff\u00bb da_has_close=\u00bbon\u00bb da_alt_close=\u00bboff\u00bb da_dark_close=\u00bboff\u00bb da_not_modal=\u00bbon\u00bb da_is_singular=\u00bboff\u00bb da_with_loader=\u00bboff\u00bb da_has_shadow=\u00bbon\u00bb][et_pb_row _builder_version=\u00bb4.25.1&#8243; _module_preset=\u00bbdefault\u00bb max_width=\u00bb100%\u00bb global_colors_info=\u00bb{}\u00bb][et_pb_column type=\u00bb4_4&#8243; _builder_version=\u00bb4.21.0&#8243; _module_preset=\u00bbdefault\u00bb global_colors_info=\u00bb{}\u00bb][et_pb_text _builder_version=\u00bb4.27.4&#8243; _module_preset=\u00bbdefault\u00bb text_font=\u00bb|&#8211;et_global_body_font_weight|||||||\u00bb header_2_font=\u00bb|&#8211;et_global_body_font_weight|||||||\u00bb header_2_font_size=\u00bb45px\u00bb header_2_line_height=\u00bb1.3em\u00bb header_4_font=\u00bb|&#8211;et_global_heading_font_weight|||||||\u00bb header_4_text_align=\u00bbleft\u00bb header_4_text_color=\u00bbgcid-heading-color\u00bb header_4_font_size=\u00bb50px\u00bb header_4_line_height=\u00bb1.7em\u00bb custom_padding=\u00bb||8px|15px|false|false\u00bb header_4_line_height_tablet=\u00bb1.4em\u00bb header_4_line_height_phone=\u00bb1.4em\u00bb header_4_line_height_last_edited=\u00bbon|tablet\u00bb border_color_all=\u00bbgcid-3962dd7a-c22c-4125-ae59-b75ca94d97b0&#8243; border_width_left=\u00bb5px\u00bb border_color_left=\u00bbgcid-88ba9f53-0f06-4146-8d8e-e0c83af655fc\u00bb global_colors_info=\u00bb{%22gcid-heading-color%22:%91%22header_4_text_color%22%93,%22gcid-88ba9f53-0f06-4146-8d8e-e0c83af655fc%22:%91%22border_color_left%22%93,%22gcid-d6f6cc4c-89fb-4b08-a382-c7d2f5838e03%22:%91%22header_4_text_color%22,%22header_2_text_color%22%93,%22gcid-3962dd7a-c22c-4125-ae59-b75ca94d97b0%22:%91%22border_color_all%22%93,%22gcid-0bb4aa88-854d-46ad-8783-5c2933726464%22:%91%22border_color_left%22%93}\u00bb]<\/p>\n<h2>Vygon Vascular Access Days\u00a0<\/h2>\n<p>Accede a los contenidos de las ediciones anteriores<\/p>\n<p>[\/et_pb_text][\/et_pb_column][\/et_pb_row][et_pb_row column_structure=\u00bb1_4,1_4,1_4,1_4&#8243; _builder_version=\u00bb4.25.1&#8243; _module_preset=\u00bbdefault\u00bb max_width=\u00bb100%\u00bb global_colors_info=\u00bb{}\u00bb][et_pb_column type=\u00bb1_4&#8243; _builder_version=\u00bb4.21.0&#8243; _module_preset=\u00bbdefault\u00bb global_colors_info=\u00bb{}\u00bb][et_pb_text _builder_version=\u00bb4.27.4&#8243; _module_preset=\u00bbdefault\u00bb header_2_font=\u00bb|&#8211;et_global_heading_font_weight|||||||\u00bb header_2_font_size=\u00bb29px\u00bb transform_scale=\u00bb95%|95%\u00bb custom_padding=\u00bb100px|17px|100px|17px|true|true\u00bb link_option_url=\u00bbhttps:\/\/campusvygon.com\/vyvadays\/2023-excelencia-gestion-acceso-vascular\/\u00bb link_option_url_new_window=\u00bbon\u00bb border_width_all=\u00bb1px\u00bb border_color_all=\u00bbrgba(0,0,0,0.18)\u00bb global_colors_info=\u00bb{}\u00bb]<\/p>\n<h2>VYVADAYS23<\/h2>\n<p>La b\u00fasqueda de la excelencia en la<span>\u00a0<\/span><span><strong>gesti\u00f3n del acceso vascular.<\/strong><\/span><\/p>\n<p>[\/et_pb_text][\/et_pb_column][et_pb_column type=\u00bb1_4&#8243; _builder_version=\u00bb4.25.0&#8243; _module_preset=\u00bbdefault\u00bb background_enable_image=\u00bboff\u00bb global_colors_info=\u00bb{}\u00bb][et_pb_text _builder_version=\u00bb4.27.4&#8243; _module_preset=\u00bbdefault\u00bb header_2_font=\u00bb|&#8211;et_global_heading_font_weight|||||||\u00bb header_2_font_size=\u00bb29px\u00bb transform_scale=\u00bb95%|95%\u00bb custom_padding=\u00bb100px|17px|100px|17px|true|true\u00bb link_option_url=\u00bbhttps:\/\/campusvygon.com\/vyvadays\/vyvadays24\/\u00bb link_option_url_new_window=\u00bbon\u00bb border_width_all=\u00bb1px\u00bb border_color_all=\u00bbrgba(0,0,0,0.18)\u00bb global_colors_info=\u00bb{}\u00bb]<\/p>\n<h2>VYVADAYS24<\/h2>\n<p><strong>Innovaci\u00f3n<\/strong> y buenas pr\u00e1cticas en la gesti\u00f3n del <strong>cat\u00e9ter midline<\/strong><\/p>\n<p>[\/et_pb_text][\/et_pb_column][et_pb_column type=\u00bb1_4&#8243; _builder_version=\u00bb4.25.0&#8243; _module_preset=\u00bbdefault\u00bb background_enable_image=\u00bboff\u00bb global_colors_info=\u00bb{}\u00bb][\/et_pb_column][et_pb_column type=\u00bb1_4&#8243; _builder_version=\u00bb4.25.0&#8243; _module_preset=\u00bbdefault\u00bb background_enable_image=\u00bboff\u00bb global_colors_info=\u00bb{}\u00bb][\/et_pb_column][\/et_pb_row][\/et_pb_section][et_pb_section fb_built=\u00bb1&#8243; specialty=\u00bbon\u00bb padding_top_2=\u00bb68px\u00bb padding_bottom_2=\u00bb68px\u00bb padding_top_bottom_link_2=\u00bbtrue\u00bb padding_left_right_link_2=\u00bbfalse\u00bb padding_2_tablet=\u00bb\u00bb padding_2_phone=\u00bb\u00bb padding_2_last_edited=\u00bbon|phone\u00bb admin_label=\u00bbSection\u00bb _builder_version=\u00bb4.25.1&#8243; _module_preset=\u00bbdefault\u00bb background_color=\u00bbgcid-0f60cc1c-6870-4ee8-9c3f-96e2f1929646&#8243; da_disable_devices=\u00bboff|off|off\u00bb global_colors_info=\u00bb{%22gcid-0f60cc1c-6870-4ee8-9c3f-96e2f1929646%22:%91%22background_color%22%93}\u00bb da_is_popup=\u00bboff\u00bb da_exit_intent=\u00bboff\u00bb da_has_close=\u00bbon\u00bb da_alt_close=\u00bboff\u00bb da_dark_close=\u00bboff\u00bb da_not_modal=\u00bbon\u00bb da_is_singular=\u00bboff\u00bb da_with_loader=\u00bboff\u00bb da_has_shadow=\u00bbon\u00bb][et_pb_column type=\u00bb1_2&#8243; specialty_columns=\u00bb2&#8243; _builder_version=\u00bb4.16&#8243; custom_padding=\u00bb|||\u00bb global_colors_info=\u00bb{}\u00bb custom_padding__hover=\u00bb|||\u00bb][et_pb_row_inner _builder_version=\u00bb4.25.1&#8243; _module_preset=\u00bbdefault\u00bb global_colors_info=\u00bb{}\u00bb][et_pb_column_inner saved_specialty_column_type=\u00bb1_2&#8243; _builder_version=\u00bb4.25.1&#8243; _module_preset=\u00bbdefault\u00bb global_colors_info=\u00bb{}\u00bb][et_pb_text _builder_version=\u00bb4.25.1&#8243; _module_preset=\u00bbdefault\u00bb header_2_font=\u00bbJosefin Sans|300|||||||\u00bb header_2_text_align=\u00bbleft\u00bb header_2_text_color=\u00bbgcid-heading-color\u00bb header_2_font_size=\u00bb45px\u00bb header_2_line_height=\u00bb1.4em\u00bb header_3_font=\u00bbJosefin Sans|300|||||||\u00bb header_3_text_color=\u00bb#FFFFFF\u00bb header_3_font_size=\u00bb40px\u00bb custom_margin=\u00bb30px|||||\u00bb custom_padding=\u00bb||0px|||\u00bb global_colors_info=\u00bb{%22gcid-heading-color%22:%91%22header_2_text_color%22%93}\u00bb]<\/p>\n<h2>\u00danete a la comunidad<\/h2>\n<p>[\/et_pb_text][et_pb_divider color=\u00bbgcid-0ef916cf-c223-4cdf-b100-6e43892ce1cb\u00bb _builder_version=\u00bb4.25.1&#8243; _module_preset=\u00bbdefault\u00bb width=\u00bb100%\u00bb module_alignment=\u00bbright\u00bb custom_margin=\u00bb-22px||22px||false|false\u00bb global_colors_info=\u00bb{%22gcid-0ef916cf-c223-4cdf-b100-6e43892ce1cb%22:%91%22color%22%93}\u00bb][\/et_pb_divider][et_pb_text _builder_version=\u00bb4.25.1&#8243; _module_preset=\u00bbdefault\u00bb text_font=\u00bbFira Sans|300|||||||\u00bb text_text_color=\u00bbgcid-body-color\u00bb text_line_height=\u00bb1.4em\u00bb global_colors_info=\u00bb{%22gcid-body-color%22:%91%22text_text_color%22%93}\u00bb]<\/p>\n<p><span>Convi\u00e9rtete en <strong>Guardi\u00e1n del acceso vascular<\/strong> y \u00fanete a una vibrante comunidad internacional de expertos, unidos por una pasi\u00f3n compartida por el avance de la <strong>salud vascular y la mejora del cuidado de los pacientes.<\/strong><\/span><\/p>\n<p>[\/et_pb_text][\/et_pb_column_inner][\/et_pb_row_inner][et_pb_row_inner column_structure=\u00bb1_2,1_2&#8243; _builder_version=\u00bb4.25.1&#8243; _module_preset=\u00bbdefault\u00bb global_colors_info=\u00bb{}\u00bb][et_pb_column_inner type=\u00bb1_2&#8243; saved_specialty_column_type=\u00bb1_2&#8243; _builder_version=\u00bb4.25.1&#8243; _module_preset=\u00bbdefault\u00bb global_colors_info=\u00bb{}\u00bb][et_pb_icon font_icon=\u00bb&#xf232;||fa||400&#8243; icon_width=\u00bb47px\u00bb url=\u00bbhttps:\/\/whatsapp.com\/channel\/0029VaJtzETJ93wanmmU3I0g\u00bb url_new_window=\u00bbon\u00bb _builder_version=\u00bb4.25.1&#8243; _module_preset=\u00bbdefault\u00bb global_colors_info=\u00bb{}\u00bb][\/et_pb_icon][et_pb_text _builder_version=\u00bb4.25.1&#8243; _module_preset=\u00bbdefault\u00bb text_font=\u00bb|&#8211;et_global_body_font_weight|||||||\u00bb text_font_size=\u00bb12px\u00bb text_line_height=\u00bb1.4em\u00bb text_orientation=\u00bbcenter\u00bb link_option_url=\u00bbhttps:\/\/whatsapp.com\/channel\/0029VaJtzETJ93wanmmU3I0g\u00bb link_option_url_new_window=\u00bbon\u00bb global_colors_info=\u00bb{}\u00bb]<\/p>\n<p>\u00danete a nuestro canal de WhatsApp<\/p>\n<p>[\/et_pb_text][\/et_pb_column_inner][et_pb_column_inner type=\u00bb1_2&#8243; saved_specialty_column_type=\u00bb1_2&#8243; _builder_version=\u00bb4.25.1&#8243; _module_preset=\u00bbdefault\u00bb global_colors_info=\u00bb{}\u00bb][et_pb_icon font_icon=\u00bb&#xf3fe;||fa||400&#8243; icon_width=\u00bb47px\u00bb url=\u00bbhttps:\/\/t.me\/+lhREpIV9zZ4wN2E0&#8243; url_new_window=\u00bbon\u00bb _builder_version=\u00bb4.25.1&#8243; _module_preset=\u00bbdefault\u00bb global_colors_info=\u00bb{}\u00bb][\/et_pb_icon][et_pb_text _builder_version=\u00bb4.25.1&#8243; _module_preset=\u00bbdefault\u00bb text_font=\u00bb|&#8211;et_global_body_font_weight|||||||\u00bb text_font_size=\u00bb12px\u00bb text_line_height=\u00bb1.4em\u00bb text_orientation=\u00bbcenter\u00bb link_option_url=\u00bbhttps:\/\/t.me\/+lhREpIV9zZ4wN2E0&#8243; link_option_url_new_window=\u00bbon\u00bb global_colors_info=\u00bb{}\u00bb]<\/p>\n<p>\u00danete a nuestro canal de Telegram<\/p>\n<p>[\/et_pb_text][\/et_pb_column_inner][\/et_pb_row_inner][\/et_pb_column][et_pb_column type=\u00bb1_2&#8243; _builder_version=\u00bb4.16&#8243; custom_padding=\u00bb|||\u00bb global_colors_info=\u00bb{}\u00bb custom_padding__hover=\u00bb|||\u00bb][ba_video_popup image=\u00bbhttps:\/\/campusvygon.com\/vyvadays\/wp-content\/uploads\/sites\/5\/2024\/05\/Guardian-de-los-accesos-vasculares-portada.jpg\u00bb trigger_element=\u00bbicon_text\u00bb icon=\u00bb2&#8243; type=\u00bbvm\u00bb video_link=\u00bbhttps:\/\/vimeo.com\/951841040?share=copy\u00bb use_animation=\u00bbon\u00bb img_height=\u00bb289px\u00bb icon_color=\u00bb#FFFFFF\u00bb _builder_version=\u00bb4.25.1&#8243; _module_preset=\u00bbdefault\u00bb trigger_text_color=\u00bb#FFFFFF\u00bb filter_saturate=\u00bb0%\u00bb border_radii=\u00bbon|9px|9px|9px|9px\u00bb box_shadow_style=\u00bbpreset1&#8243; box_shadow_color=\u00bbrgba(0,0,0,0.2)\u00bb global_colors_info=\u00bb{}\u00bb][\/ba_video_popup][\/et_pb_column][\/et_pb_section][et_pb_section fb_built=\u00bb1&#8243; custom_padding_last_edited=\u00bbon|tablet\u00bb disabled_on=\u00bboff|off|off\u00bb admin_label=\u00bbSection\u00bb module_id=\u00bbpreguntas\u00bb _builder_version=\u00bb4.25.1&#8243; _module_preset=\u00bbdefault\u00bb custom_padding=\u00bb150px||150px||true|\u00bb custom_padding_tablet=\u00bb50px||50px||true|false\u00bb custom_padding_phone=\u00bb50px||50px||true|false\u00bb da_popup_slug=\u00bbpreguntas\u00bb da_disable_devices=\u00bboff|off|off\u00bb collapsed=\u00bboff\u00bb global_colors_info=\u00bb{}\u00bb da_is_popup=\u00bboff\u00bb da_exit_intent=\u00bboff\u00bb da_has_close=\u00bbon\u00bb da_alt_close=\u00bboff\u00bb da_dark_close=\u00bboff\u00bb da_not_modal=\u00bbon\u00bb da_is_singular=\u00bboff\u00bb da_with_loader=\u00bboff\u00bb da_has_shadow=\u00bbon\u00bb][et_pb_row _builder_version=\u00bb4.25.1&#8243; _module_preset=\u00bbdefault\u00bb width=\u00bb90%\u00bb locked=\u00bboff\u00bb global_colors_info=\u00bb{}\u00bb][et_pb_column type=\u00bb4_4&#8243; _builder_version=\u00bb4.25.1&#8243; _module_preset=\u00bbdefault\u00bb global_colors_info=\u00bb{}\u00bb][et_pb_text _builder_version=\u00bb4.25.1&#8243; _module_preset=\u00bbdefault\u00bb header_font=\u00bb|800||on|||||\u00bb header_text_align=\u00bbcenter\u00bb header_font_size=\u00bb40px\u00bb header_2_font=\u00bb|&#8211;et_global_heading_font_weight|||||||\u00bb header_2_text_align=\u00bbcenter\u00bb header_2_text_color=\u00bbgcid-heading-color\u00bb header_2_font_size=\u00bb60px\u00bb header_2_line_height=\u00bb1.4em\u00bb header_4_font=\u00bb|800||on|||||\u00bb header_4_text_align=\u00bbcenter\u00bb header_4_text_color=\u00bbgcid-d6f6cc4c-89fb-4b08-a382-c7d2f5838e03&#8243; header_4_font_size=\u00bb40px\u00bb header_4_line_height=\u00bb1.7em\u00bb custom_margin=\u00bb||22px|||\u00bb global_colors_info=\u00bb{%22gcid-d6f6cc4c-89fb-4b08-a382-c7d2f5838e03%22:%91%22header_4_text_color%22,%22header_4_text_color%22%93,%22gcid-heading-color%22:%91%22header_2_text_color%22%93}\u00bb]<\/p>\n<h2>\u00bfTienes alguna pregunta?<\/h2>\n<p>[\/et_pb_text][et_pb_divider _builder_version=\u00bb4.25.1&#8243; _module_preset=\u00bbdefault\u00bb width=\u00bb10%\u00bb module_alignment=\u00bbcenter\u00bb global_colors_info=\u00bb{}\u00bb][\/et_pb_divider][\/et_pb_column][\/et_pb_row][et_pb_row _builder_version=\u00bb4.25.1&#8243; _module_preset=\u00bbdefault\u00bb custom_margin=\u00bb53px|auto||auto||\u00bb global_colors_info=\u00bb{}\u00bb][et_pb_column type=\u00bb4_4&#8243; _builder_version=\u00bb4.25.1&#8243; _module_preset=\u00bbdefault\u00bb global_colors_info=\u00bb{}\u00bb][ba_cf7_styler use_form_header=\u00bbon\u00bb form_header_title=\u00bbDeja tu mensaje\u00bb use_icon=\u00bbon\u00bb form_padding=\u00bb23px|0px|0px|0px|false|false\u00bb use_form_button_fullwidth=\u00bbon\u00bb form_id=\u00bb59&#8243; form_field_height=\u00bb45px\u00bb form_field_spacing=\u00bb12px\u00bb _builder_version=\u00bb4.25.1&#8243; _module_preset=\u00bbdefault\u00bb form_field_font_font=\u00bb||||||||\u00bb labels_font=\u00bb|300|||||||\u00bb title_font=\u00bb|&#8211;et_global_body_font_weight|||||||\u00bb title_font_size=\u00bb30px\u00bb title_line_height=\u00bb0.2em\u00bb custom_submit_button=\u00bbon\u00bb submit_button_bg_color=\u00bbgcid-88ba9f53-0f06-4146-8d8e-e0c83af655fc\u00bb submit_button_border_color=\u00bbgcid-88ba9f53-0f06-4146-8d8e-e0c83af655fc\u00bb submit_button_border_radius=\u00bb5px\u00bb submit_button_font=\u00bb|700||on|||||\u00bb submit_button_custom_padding=\u00bb13px||13px||true|false\u00bb border_radii_field=\u00bbon|5px|5px|5px|5px\u00bb border_color_all_field=\u00bbgcid-2d45c7f1-05fc-4f3c-8b35-fe69709a6a62&#8243; global_colors_info=\u00bb{%22gcid-2d45c7f1-05fc-4f3c-8b35-fe69709a6a62%22:%91%22border_color_all_field%22%93,%22gcid-88ba9f53-0f06-4146-8d8e-e0c83af655fc%22:%91%22submit_button_bg_color%22,%22submit_button_border_color%22%93}\u00bb][\/ba_cf7_styler][et_pb_text _builder_version=\u00bb4.21.0&#8243; _module_preset=\u00bbdefault\u00bb text_font_size=\u00bb12px\u00bb text_line_height=\u00bb1.4em\u00bb global_module=\u00bb61&#8243; global_colors_info=\u00bb{}\u00bb]<\/p>\n<p>* Condiciones legales<\/p>\n<ul>\n<li><strong>Responsable del tratamiento:<\/strong> Vygon SA<\/li>\n<li><strong>Finalidad:<\/strong> La gesti\u00f3n de sus datos personales recogidos mediante el formulario para el registro en el campus de Formaci\u00f3n, as\u00ed como las siguientes finalidades:\n<ul>\n<li>Recibir la informaci\u00f3n sobre cursos que puedan ser de tu inter\u00e9s<\/li>\n<li>Recibir informaci\u00f3n sobre Vygon y la actividad y productos comerciales Vygon Espa\u00f1a.<\/li>\n<li>Recibir la revista clase 3.<\/li>\n<\/ul>\n<\/li>\n<li><strong>Ejercicio de derechos:<\/strong> En cualquier momento podr\u00e1 ejercer sus derechos de Acceso, Rectificaci\u00f3n, Supresi\u00f3n, Portabilidad, Limitaci\u00f3n o, en su caso, Oposici\u00f3n a comunicacion@vygon.com<\/li>\n<\/ul>\n<p>Para m\u00e1s informaci\u00f3n sobre el uso responsable que hacemos de tu datos puedes consultar nuestra<strong> <a href=\"https:\/\/campusvygon.com\/aviso-legal-y-politica-de-privacidad\/\" target=\"_blank\" rel=\"noopener\">pol\u00edtica de privacidad.<\/a><\/strong><\/p>\n<p>[\/et_pb_text][\/et_pb_column][\/et_pb_row][\/et_pb_section][et_pb_section fb_built=\u00bb1&#8243; disabled_on=\u00bboff|off|off\u00bb admin_label=\u00bbSection\u00bb _builder_version=\u00bb4.25.1&#8243; _module_preset=\u00bbdefault\u00bb da_disable_devices=\u00bboff|off|off\u00bb global_colors_info=\u00bb{}\u00bb da_is_popup=\u00bboff\u00bb da_exit_intent=\u00bboff\u00bb da_has_close=\u00bbon\u00bb da_alt_close=\u00bboff\u00bb da_dark_close=\u00bboff\u00bb da_not_modal=\u00bbon\u00bb da_is_singular=\u00bboff\u00bb da_with_loader=\u00bboff\u00bb da_has_shadow=\u00bbon\u00bb][et_pb_row _builder_version=\u00bb4.25.1&#8243; _module_preset=\u00bbdefault\u00bb global_colors_info=\u00bb{}\u00bb][et_pb_column type=\u00bb4_4&#8243; _builder_version=\u00bb4.25.1&#8243; _module_preset=\u00bbdefault\u00bb global_colors_info=\u00bb{}\u00bb][et_pb_icon font_icon=\u00bb&#x32;||divi||400&#8243; icon_color=\u00bb#FFFFFF\u00bb icon_width=\u00bb38px\u00bb url=\u00bb#inicio\u00bb align=\u00bbright\u00bb icon_width_tablet=\u00bb25px\u00bb icon_width_phone=\u00bb21px\u00bb icon_width_last_edited=\u00bbon|phone\u00bb disabled_on=\u00bboff|off|off\u00bb _builder_version=\u00bb4.25.1&#8243; _module_preset=\u00bbdefault\u00bb background_color=\u00bbgcid-88ba9f53-0f06-4146-8d8e-e0c83af655fc\u00bb transform_scale=\u00bb90%|90%\u00bb positioning=\u00bbfixed\u00bb position_origin_f=\u00bbbottom_right\u00bb vertical_offset=\u00bb65px\u00bb horizontal_offset=\u00bb65px\u00bb vertical_offset_tablet=\u00bb120px\u00bb vertical_offset_phone=\u00bb13px\u00bb vertical_offset_last_edited=\u00bbon|phone\u00bb horizontal_offset_tablet=\u00bb65px\u00bb horizontal_offset_phone=\u00bb65px\u00bb horizontal_offset_last_edited=\u00bbon|tablet\u00bb position_origin_a_tablet=\u00bb\u00bb position_origin_a_phone=\u00bb\u00bb position_origin_a_last_edited=\u00bbon|phone\u00bb position_origin_f_tablet=\u00bbbottom_right\u00bb position_origin_f_phone=\u00bbbottom_right\u00bb position_origin_f_last_edited=\u00bbon|phone\u00bb position_origin_r_tablet=\u00bb\u00bb position_origin_r_phone=\u00bb\u00bb position_origin_r_last_edited=\u00bbon|phone\u00bb custom_padding=\u00bb10px|10px|10px|10px|true|true\u00bb custom_padding_tablet=\u00bb10px|10px|10px|10px|true|true\u00bb custom_padding_phone=\u00bb10px|10px|10px|10px|true|true\u00bb custom_padding_last_edited=\u00bbon|tablet\u00bb scroll_fade_enable=\u00bbon\u00bb scroll_fade=\u00bb0|50|50|100|0%|4%|100&#8243; motion_trigger_start=\u00bbbottom\u00bb positioning_tablet=\u00bbfixed\u00bb positioning_phone=\u00bbfixed\u00bb positioning_last_edited=\u00bbon|phone\u00bb border_radii=\u00bbon|2516px|2516px|2516px|2516px\u00bb border_color_all=\u00bb#FFFFFF\u00bb border_radii_tablet=\u00bbon|504206px|504206px|504206px|504206px\u00bb border_radii_phone=\u00bbon|50000px|50000px|50000px|50000px\u00bb border_radii_last_edited=\u00bbon|phone\u00bb global_colors_info=\u00bb{%22gcid-88ba9f53-0f06-4146-8d8e-e0c83af655fc%22:%91%22background_color%22%93}\u00bb][\/et_pb_icon][\/et_pb_column][\/et_pb_row][\/et_pb_section]<\/p>\n","protected":false},"excerpt":{"rendered":"<p>Participa en la jornada acreditada de acceso vascular Vyvadays, con expertos a nivel mundial. Ampl\u00eda tus conocimientos y competencias.<\/p>\n","protected":false},"author":4,"featured_media":40518,"parent":0,"menu_order":0,"comment_status":"closed","ping_status":"closed","template":"","meta":{"_et_pb_use_builder":"on","_et_pb_old_content":"","_et_gb_content_width":"","footnotes":""},"class_list":["post-29","page","type-page","status-publish","has-post-thumbnail","hentry"],"_links":{"self":[{"href":"https:\/\/campusvygon.com\/vyvadays\/wp-json\/wp\/v2\/pages\/29","targetHints":{"allow":["GET"]}}],"collection":[{"href":"https:\/\/campusvygon.com\/vyvadays\/wp-json\/wp\/v2\/pages"}],"about":[{"href":"https:\/\/campusvygon.com\/vyvadays\/wp-json\/wp\/v2\/types\/page"}],"author":[{"embeddable":true,"href":"https:\/\/campusvygon.com\/vyvadays\/wp-json\/wp\/v2\/users\/4"}],"replies":[{"embeddable":true,"href":"https:\/\/campusvygon.com\/vyvadays\/wp-json\/wp\/v2\/comments?post=29"}],"version-history":[{"count":262,"href":"https:\/\/campusvygon.com\/vyvadays\/wp-json\/wp\/v2\/pages\/29\/revisions"}],"predecessor-version":[{"id":40707,"href":"https:\/\/campusvygon.com\/vyvadays\/wp-json\/wp\/v2\/pages\/29\/revisions\/40707"}],"wp:featuredmedia":[{"embeddable":true,"href":"https:\/\/campusvygon.com\/vyvadays\/wp-json\/wp\/v2\/media\/40518"}],"wp:attachment":[{"href":"https:\/\/campusvygon.com\/vyvadays\/wp-json\/wp\/v2\/media?parent=29"}],"curies":[{"name":"wp","href":"https:\/\/api.w.org\/{rel}","templated":true}]}}